{"id":2,"date":"2013-09-06T09:46:44","date_gmt":"2013-09-06T09:46:44","guid":{"rendered":"http:\/\/judoduesseldorf.de\/?page_id=2"},"modified":"2017-11-24T00:56:50","modified_gmt":"2017-11-23T23:56:50","slug":"beispiel-seite","status":"publish","type":"page","link":"http:\/\/judoduesseldorf.de\/?page_id=2","title":{"rendered":"Der Landesleistungsst\u00fctzpunkt"},"content":{"rendered":"<p>Der Landesleistungsst\u00fctzpunkt D\u00fcsseldorf befindet sich an der NRW Sportschule:<\/p>\n<p><strong>D\u00fcsseldorf<\/strong> &gt;&gt;&gt; <a title=\"Anfahrt\" href=\"http:\/\/judoduesseldorf.de\/?page_id=6\">Sportschule NRW, Lessing Gymnasium und Berufskolleg,\u00a0Ellerstra\u00dfe 84, 40227 D\u00fcsseldorf<\/a><\/p>\n<p><strong>U15 &#8211; St\u00fctzpunkt-Training<\/strong><\/p>\n<p>17:30 bis 19:30 Uhr Montags: D\u00fcsseldorf (Trainer: Jens Kaiser)<\/p>\n<p>17:30 bis 19:00 Uhr Mittwochs: D\u00fcsseldorf (Trainerin: Jens Kaiser)<\/p>\n<p><strong>ab U17 &#8211; St\u00fctzpunkt-Training<\/strong><\/p>\n<p>19:00 bis 20:45 Uhr\u00a0Montags: D\u00fcsseldorf (Trainer:\u00a0<a title=\"Trainer\" href=\"http:\/\/judoduesseldorf.de\/?page_id=8\">Peter Schlatter<\/a>)<\/p>\n<p>19:00 bis 21:00 Uhr Mittwochs: D\u00fcsseldorf (Trainer: Lukas Krautmacher)<\/p>\n<p>&nbsp;<\/p>\n<p>Leiter des Landesleistungsst\u00fctzpunktes: <em>Peter Schlatter<\/em><\/p>\n<p><strong>Mitglieder aller Judo-Vereine, die dem NWJV angeschlossen sind, d\u00fcrfen an den St\u00fctzpunkt-Trainings teilnehmen.<\/strong><\/p>\n","protected":false},"excerpt":{"rendered":"<p>Der Landesleistungsst\u00fctzpunkt D\u00fcsseldorf befindet sich an der NRW Sportschule: D\u00fcsseldorf &gt;&gt;&gt; Sportschule NRW, Lessing Gymnasium und Berufskolleg,\u00a0Ellerstra\u00dfe 84, 40227 D\u00fcsseldorf U15 &#8211; St\u00fctzpunkt-Training 17:30 bis 19:30 Uhr Montags: D\u00fcsseldorf (Trainer: Jens Kaiser) 17:30 bis 19:00 Uhr Mittwochs: D\u00fcsseldorf (Trainerin: Jens Kaiser) ab U17 &#8211; St\u00fctzpunkt-Training 19:00 bis 20:45 Uhr\u00a0Montags: D\u00fcsseldorf \u2026 <a class=\"continue-reading-link\" href=\"http:\/\/judoduesseldorf.de\/?page_id=2\">Mehr dazu&#8230;<\/a><\/p>\n","protected":false},"author":1,"featured_media":0,"parent":0,"menu_order":0,"comment_status":"closed","ping_status":"open","template":"","meta":[],"_links":{"self":[{"href":"http:\/\/judoduesseldorf.de\/index.php?rest_route=\/wp\/v2\/pages\/2"}],"collection":[{"href":"http:\/\/judoduesseldorf.de\/index.php?rest_route=\/wp\/v2\/pages"}],"about":[{"href":"http:\/\/judoduesseldorf.de\/index.php?rest_route=\/wp\/v2\/types\/page"}],"author":[{"embeddable":true,"href":"http:\/\/judoduesseldorf.de\/index.php?rest_route=\/wp\/v2\/users\/1"}],"replies":[{"embeddable":true,"href":"http:\/\/judoduesseldorf.de\/index.php?rest_route=%2Fwp%2Fv2%2Fcomments&post=2"}],"version-history":[{"count":11,"href":"http:\/\/judoduesseldorf.de\/index.php?rest_route=\/wp\/v2\/pages\/2\/revisions"}],"predecessor-version":[{"id":216,"href":"http:\/\/judoduesseldorf.de\/index.php?rest_route=\/wp\/v2\/pages\/2\/revisions\/216"}],"wp:attachment":[{"href":"http:\/\/judoduesseldorf.de\/index.php?rest_route=%2Fwp%2Fv2%2Fmedia&parent=2"}],"curies":[{"name":"wp","href":"https:\/\/api.w.org\/{rel}","templated":true}]}}